*-3 is divided by i.
15
Let p = -18 - -31. Let z = p - 6. Calculate the remainder when z is divided by 3.
1
Let h(q) = q**3 - 4*q**2 + 3*q - 2. Let t = -2 - -10. Let i = t + -2. What is the remainder when h(4) is divided by i?
4
Let p = -21 - -34. What is the remainder when 38 is divided by p?
12
Let c(v) be the second derivative of -v**5/20 - v**4/2 + 3*v**2/2 + v. Let w(s) = -s**2 + 22*s - 53. What is the remainder when w(19) is divided by c(-6)?
1
Suppose m - 3 - 3 = 0. Let t = 54 - 51. What is the remainder when (-2)/4 - (-39)/m is divided by t?
0
Let i(p) = p + 2. Let h be i(-6). Let y be (0 - (-21)/12)*h. What is the remainder when (-1044)/(-28) + 2/y is divided by 13?
11
Suppose 8 + 12 = -5*y. Let i be (-94)/6 - y/6. Calculate the remainder when 23 is divided by ((-18)/i)/(1/10).
11
Suppose l - 24 = -4*b, 2*b = 5*l - 2*b - 168. Suppose 5*s - 13 = l. Calculate the remainder when 15 is divided by s.
6
Suppose -5*k = -3*o + 127, -3*o - 2*o - 72 = 4*k. Calculate the remainder when 2*(-2 + k/(-2)) is divided by 10.
9
Calculate the remainder when 23 is divided by (5/(-10))/((-2)/48).
11
Let u(o) = 8*o**3 - 6*o**2 + 2*o + 2. Calculate the remainder when u(3) is divided by 44.
38
Let y = -31 + 60. Calculate the remainder when 55 is divided by y.
26
Suppose 2*l + 44 = 6*l. Let t(n) = 4*n**3 - 2*n + 1. Let m be t(1). Suppose 0 = -m*v + l + 10. What is the remainder when 13 is divided by v?
6
Let i = 1 + 63. Let m = 206 - 133. Suppose -m - 37 = -5*h. What is the remainder when i is divided by h?
20
Suppose -33 - 99 = -2*g - 3*n, -2*g - n + 128 = 0. Suppose -y - y + 3*t = -g, -4*t + 4 = 0. What is the remainder when y is divided by 17?
16
Let j(d) = -d**2 + 10*d - 16. Let x = 3 - -12. Calculate the remainder when x is divided by j(4).
7
Suppose 0*a - 19 = 5*a - 4*g, -32 = 4*a + g. Let x = -6 - a. Let i = x + 2. Calculate the remainder when 8 is divided by i.
2
Let t = 8 + -5. Let j = t + 3. Let q = 13 + -4. What is the remainder when q is divided by j?
3
Let n = 18 - 11. Suppose -12*j = -4*j - 144. What is the remainder when j is divided by n?
4
Suppose 0 = -q + 5*q - 140. What is the remainder when 69 is divided by q?
34
Suppose 30 = m + 4*t, -m + 4*t - 6 = -36. Suppose 0*k + 5*d = -4*k + 54, 4*k - d - 42 = 0. Calculate the remainder when m is divided by k.
8
Let j = 17 - 11. Let r = j - 6. Suppose 0*y - l - 33 = -4*y, r = 2*y + 3*l - 27. Calculate the remainder when 26 is divided by y.
8
Suppose h - 4*w - 172 = 0, -4*h - 3*w + 693 = -90. Calculate the remainder when h is divided by 39.
36
Let n = -283 + 533. Suppose 0 = -3*f + n - 55. Let o = f - 32. What is the remainder when o is divided by 17?
16
Let u(x) = 4*x + x - 5 + 0*x. What is the remainder when u(4) is divided by 9?
6
Let g be -1 + 101 - (1 - 3). Let k = -103 - -41. Let b = k + g. What is the remainder when b is divided by 14?
12
Suppose 4*i + 2*n - 131 = 75, n - 52 = -i. What is the remainder when i is divided by 27?
24
Let f(m) = 7*m**3 - m**2 + 3*m - 3. Let o be f(2). Let s = -1 + o. Calculate the remainder when s is divided by 19.
16
Let o(u) = -u**3 + 2*u**2 + 2*u + 1. Suppose 2*h - 2 = -90. What is the remainder when 3 + 5/((-10)/h) is divided by o(-2)?
12
Let l(q) = 6*q**3 - 2*q**2 - 2*q + 1. Let m be l(-2). Let v = 92 + m. Calculate the remainder when v is divided by 11.
8
Let f be ((-5)/20)/(1/(-4)). Calculate the remainder when 15 is divided by -5*(24/(-20))/f.
3
Let r(m) = -m**2 + 10*m + 3. Let g be r(5). Let f = g - 11. Calculate the remainder when 49 is divided by f.
15
Suppose -l = -2*p - 36, 4*l + 4*p = -29 + 221. Suppose -l = -4*v + v - w, v - 5*w - 36 = 0. Calculate the remainder when 63 is divided by v.
15
Suppose -3*f - 2*n - 32 = 0, 0 = -2*n - 3*n + 10. Let s = 4 + 4. Calculate the remainder when 26 + (1 - f/(-3)) is divided by s.
7
Let x(t) = 15*t**3 + 2*t**2 - t. Suppose 0*v = -v + 38. Suppose 3*m - 103 - v = 0. What is the remainder when m is divided by x(1)?
15
Let c = 63 - 38. What is the remainder when c is divided by (-2)/((2/(-7))/2)?
11
Suppose 0 = -4*i - 2*g + 290, 4*i + g = 3*g + 286. What is the remainder when i is divided by (-393)/(-21) - (-6)/21?
15
Let q(j) = j**3 - 3*j**2 - 2*j + 4. Let u(o) = 12*o + 2*o**2 + 6 - 3*o**2 - 3. What is the remainder when u(8) is divided by q(4)?
11
Suppose 0 = -o + 5*h - 14, 2*o + 3*h - 9 = 15. Let u = -2 + o. Suppose 4*m + 3*a = 34, -2*m + 13 = 5*a - 11. What is the remainder when m is divided by u?
3
Let z(v) = -v**3 + 2*v**2 - v. Let k be z(2). Let h be 2*k*4/8. Let b(t) = -3*t**3 - 2*t - 3. What is the remainder when 48 is divided by b(h)?
23
Let d(y) = 3*y**3 - 6*y**2 - 2*y**3 + 2*y**2 + 2*y + 6 - 7*y. What is the remainder when 11 is divided by d(5)?
5
Suppose 7*y - 55 = 2*y. What is the remainder when 31 is divided by y?
9
Suppose -2*n + 2*s + 16 = 0, 2*n + 16 = n - 5*s. Let p(i) = 8*i - 2*i + 2*i + 2*i - i**2 - n. Calculate the remainder when p(7) is divided by 6.
5
Suppose 0 = -v - v + 44. Let d = -158 - -170. What is the remainder when v is divided by d?
10
Suppose -24*u = -21*u - 69. What is the remainder when 44 is divided by u?
21
Suppose j - 2*u + 2 = 0, -4*u + 25 = u. What is the remainder when j/(-20) + 112/5 is divided by 6?
4
Let z = 5 + 2. Suppose z + 1 = 4*n. Calculate the remainder when n is divided by (0 - 1)*-1*1.
0
Let u = 51 - 50. Calculate the remainder when 5 is divided by u.
0
Suppose -2*v - 8 = -3*v. Let r = 6 - -4. Suppose -2*p + 42 = 2*a - r, 0 = a + 5*p - 42. Calculate the remainder when a is divided by v.
6
Calculate the remainder when 21/(-14)*(3 - 85) is divided by 6.
3
Let t = 52 + 68. Let x = t - 68. Calculate the remainder when x is divided by 18.
16
Let g = -25 - -32. What is the remainder when 25 is divided by g?
4
Suppose 3*v + 0*z = -5*z + 19, 0 = 3*z - 6. Suppose -2*u + 9 = -v. Calculate the remainder when u is divided by ((-6)/(-4))/(9/12).
0
Let j(u) be the third derivative of 13*u**5/60 + u**4/24 + u**3/6 - u**2. Suppose 0 = -2*w + 5*w + 3. What is the remainder when 38 is divided by j(w)?
12
Let c be (9/(-1))/(2/(-6)). Suppose -x = 2*x - c. What is the remainder when 25 is divided by x?
7
Let m(d) = 3*d**2 + 1. Let f be m(-1). Suppose 26 - 2 = -f*g. What is the remainder when 48/g*(-46)/8 is divided by 16?
14
Suppose 4 = 4*t, 3*t = -3*k + 4*t + 2. What is the remainder when 2 is divided by k?
0
Suppose 2*m + 24 = -m. Let i = m + 14. Let w(l) = -l**3 + 6*l**2 + 3*l. Calculate the remainder when w(i) is divided by 10.
8
Suppose 7*z - 3*z - 20 = 0. Suppose -5*l = -5*i - 90, 0*l - l + 26 = -z*i. What is the remainder when (-1)/(29/30 - 1) is divided by l?
14
Suppose -1 + 7 = 2*b. Suppose n - 25 = -b*n - 3*s, -45 = -5*n - s. What is the remainder when 28 is divided by n?
8
Let x = -106 + 162. Calculate the remainder when x is divided by 29.
27
Let r = 1 + 0. Suppose 0 = 2*j + 5*v + 7, 2*j + 4*v + r = -1. What is the remainder when j is divided by 4?
1
Let m(d) = -d**3 - 6*d**2 + 5. Let l be m(-6). Suppose -4*j = -l*b - 46, -25 = -2*j + 2*b - 3. What is the remainder when 26 is divided by j?
8
Let v be (3 + -5)*25/2. Let p = -21 - v. What is the remainder when 14 is divided by p?
2
Suppose 5*y - 60 = -5. Calculate the remainder when 20 is divided by y.
9
Let x(q) = -q + 9. What is the remainder when 19 is divided by x(2)?
5
Let g = 83 + -50. Calculate the remainder when 96 is divided by g.
30
Let g(w) = 6*w. Let q be g(1). Calculate the remainder when 104/q - 2/6 is divided by (-80)/(-14) + 4/14.
5
Let n = -70 + 127. What is the remainder when 54 is divided by (n/(-6))/((-2)/4)?
16
Suppose 2*q = 17 + 9. What is the remainder when 63 is divided by q?
11
Suppose -r + 5*o + 73 = 0, 4*r = -2*o + 396 - 16. Let f = r + -62. What is the remainder when f is divided by 16?
15
Let v(d) = d**3 + 8*d**2 - 6*d - 4. Suppose -7*r - 105 = -14*r. Calculate the remainder when v(-8) is divided by r.
14
Let t = -24 - -66. Calculate the remainder when t is divided by 16.
10
Suppose 0 = -25*a + 30*a - 390. What is the remainder when a is divided by 41?
37
Let c = 11 - 6. Let l(a) = 2*a - 2. Let q be l(2). Suppose 1 = -q*h + 19. Calculate the remainder when h is divided by c.
4
Suppose 0*k + 30 = -5*k. Let y(q) = -q + 2. Calculate the remainder when (k/(-8))/(1/12) is divided by y(-3).
4
Let o(h)